 t(l) = l**2 - 6*l - 3. Determine t(x).
13
Suppose -8 = -12*f + 16. Let h(x) = 13*x**2 - 2*x**f - 54 + 2*x + 53. What is h(1)?
12
Let c(w) = 4*w**2 + 6*w + 1. Let p(s) = 2 + 175*s**2 - 87*s**2 - 81*s**2 + 12*s. Let k(x) = 5*c(x) - 3*p(x). Calculate k(-5).
4
Let h = -245 - -249. Let k(d) = -22 + h*d - 3*d + 10 + 16. Give k(-7).
-3
Let v(r) = r + 5. Let d(p) = 3*p**2 - 26*p - 17. Let k(a) = 10*a**3 - 2*a**2 + 3*a - 2. Let t be k(1). Let y be d(t). Determine v(y).
-3
Let h(j) be the second derivative of -1/3*j**3 + 10*j - 3 + 7/2*j**2. Calculate h(12).
-17
Suppose -6*a + a = -10, -r = 3*a - 5. Let s be (22 - 21)/(r/(4/2)). Let q(y) = -y**3 + 2*y. What is q(s)?
4
Suppose -2*r = -23 - 31. Suppose 4*d - 36 = 5*s - r, 2*d + 28 = -4*s. Let m(t) = -5*t - 6. Determine m(s).
19
Let g(n) be the first derivative of 43*n**2/2 + 699*n - 13770. Determine g(-16).
11
Let d(j) = 9*j - 1. Let p(i) = i**3 + i**2 + 11. Let c be p(0). Let o = c - 12. Let r be -1 + 0 + (o - -3). Give d(r).
8
Let t(f) = 0*f + 2*f + 85 - 94. Let v(l) = 11*l + 294. Let n be v(-26). Give t(n).
7
Let v be 7 - (-2 - 1*(3 - 6)). Let o(y) = 10*y - 15. Calculate o(v).
45
Let f(j) = -13*j**2 - 5*j + 159. Let g(b) = 28*b**2 + 11*b - 344. Let c(k) = -13*f(k) - 6*g(k). Suppose 7 - 16 = d. Let p be d/6*(2 - 0). Give c(p).
9
Let n = 237 + -233. Let d(v) = -n*v**3 - v - 14 + 30 + 6*v**2 - 18 - 4*v**2 + 2*v. Give d(1).
-3
Let p(t) be the second derivative of 8 - 3/2*t**2 + 3*t + 1/6*t**3 + 1/12*t**4. What is p(-4)?
9
Suppose -280*b = 552 + 1968. Let g(h) = -h**3 - 8*h**2 + 12*h - 2. Give g(b).
-29
Let h(y) be the third derivative of 53*y**5/60 + y**4/4 + 7*y**3/6 + 8222*y**2. Give h(-1).
54
Let p(b) be the second derivative of -b**4/24 - 3*b**3 - 95*b**2/2 - 28*b. Let x(a) be the first derivative of p(a). Determine x(-16).
-2
Let o(x) = 232*x + 1039. Let l(y) = -348*y - 1570. Let i(k) = -5*l(k) - 7*o(k). Calculate i(-5).
-3
Let t(w) = 7*w + 15. Let p = 215 + -221. Let o(f) = -8*f - 13. Let k(d) = p*o(d) - 7*t(d). Calculate k(0).
-27
Let c(w) = -26*w + 10 - 15*w**2 - 18*w**2 + 52*w**2 - 20*w**2 - 42. Determine c(-24).
16
Let m be ((2850/5)/(-3))/((-3)/6). Suppose -8*w - m = -4*w. Let h = 87 + w. Let k(u) = u + 7. Calculate k(h).
-1
Let h(f) = -f - 1. Let t be (24/11 - 4/22) + 0. Let l be (4/12)/(3/(-9)). Let b be -1 - 6*l/t. What is h(b)?
-3
Let b(o) = 17*o + 17. Let z(r) = -4*r - 4. Let s(f) = -2*b(f) - 9*z(f). Suppose 3*c = 7*c - 16. Suppose m + c*m + 17 = -t, -3*t - 2*m - 12 = 0. What is s(t)?
-2
Suppose 0 = 3*a + c - 659, 1097 = 5*a + 12*c - 10*c. Suppose -383*z = -366*z - a. Let d(t) = t**3 - 15*t**2 + 25*t + 13. Calculate d(z).
0
Let k(m) = 3*m**2 + 20*m - 5. Suppose l = -5*n - 1, 0 = -3*l - 3*n + 179 - 194. Give k(l).
-17
Let h(d) be the second derivative of d**4/12 - 3*d**3/2 + d**2 + 29*d - 1. Let g = 20 - 16. Suppose -n + g = -3. Determine h(n).
-12
Let a(p) = 1. Let t(q) = q**2 + 217. Let r(o) = -2*a(o) - t(o). Let d(x) be the first derivative of r(x). What is d(9)?
-18
Let q(c) = 2*c - 32345 + 32345. Let v(j) = 21*j + 4. Let s(p) = -6*q(p) + v(p). Give s(-4).
-32
Let s(t) = -t**2 - 40*t + 82*t + 4 - 1 - 41*t. Let a(l) = -3*l**2 + 5*l + 10. Let p(h) = 4*a(h) - 11*s(h). Calculate p(5).
27
Let a = 49 - 22. Suppose 0 = -a*y - 0*y - 135. Let w(u) = u**2 + 4*u - 4. Calculate w(y).
1
Let p(i) = -i + 9. Let l be p(4). Suppose -l*z = 4 - 49. Let a(h) = h**3 - 8*h**2 - 6*h + 9. Calculate a(z).
36
Let w(u) = -705*u - 307. Let f(o) = -261*o - 103. Let v(d) = -8*f(d) + 3*w(d). Determine v(-6).
65
Let l(s) = 6*s**2 + 84*s + 4*s**2 + s**3 - 1 - 77*s - 2. Suppose -15*m = -93 + 228. Determine l(m).
15
Let x(d) = d + 4. Suppose 0 = -13*b + b - 1656. Let r = -125 - b. Determine x(r).
17
Let a(b) = 6*b + 17. Let p(v) = -29*v - 85. Let g(x) = -11*a(x) - 2*p(x). Let u be g(-2). Let f(k) = -39*k**3 + 2*k**2 + 2*k + 1. Give f(u).
40
Let g(v) = 3*v**2 + 3*v - 18. Let a be g(-2). Let h(m) = -m**2 - 19*m + 16. What is h(a)?
100
Suppose -r = 3*m - 6, 413*m + 22 = 417*m - r. Let d(j) = -12*j + 30. Determine d(m).
-18
Let i be ((-5)/3)/((-1)/12). Let n be (36/i)/(2/10). Let x(p) = -18*p + 1013. Let u(g) = -19*g + 1072. Let b(l) = 17*u(l) - 18*x(l). What is b(n)?
-1
Let a = -5 + 10. Let v(r) be the second derivative of r**4/12 - 5*r**3/6 - 5*r**2/2 - 2278*r. Give v(a).
-5
Let j(v) = 757*v**3 - 2*v**2 - 2*v. Let z be j(-1). Let w = z + 760. Let m(b) = b**2 + 2. Calculate m(w).
11
Let a be ((-8)/5)/(4/40). Let f = -13 - a. Let s(m) = 9*m**3 - 6*m**2 + 11*m + 3. Let y(u) = -5*u**3 + 3*u**2 - 6*u - 2. Let v(c) = -4*s(c) - 7*y(c). Give v(f).
-4
Let v(o) = 663*o + 7 + 690*o - 9*o**2 + 10*o**2 + 14 - 2027*o + 686*o. Suppose 5*x + 0*g + g + 53 = 0, -3*x - 15 = -5*g. Determine v(x).
1
Let x(l) be the first derivative of -5*l + 575. Let c(s) be the third derivative of -s**4/24 + 3*s**3/2 + s**2. Let i(g) = 2*c(g) + 5*x(g). Determine i(-6).
5
Let u(f) = f**3 + 2*f + 2*f**2 - 5*f + 4 - 1. Suppose -4*b - 10 = -18. Suppose 18 = -5*j - 0*g + g, b*g + 3 = -3*j. Determine u(j).
3
Suppose -4*w + 95 = -3*s, -153*w + 155*w - 42 = -4*s. Let c(m) = 2*m - 9. What is c(w)?
37
Let i = -309 + 311. Let a(z) = 4*z**3 + 4*z**2 - 2*z + 3. Let b(v) = 20*v**3 + 22*v**2 - 9*v + 15. Let y(n) = -11*a(n) + 2*b(n). Determine y(i).
-27
Let p(z) = z**2 + 16*z - 59. Let q = -20091 - -20072. Determine p(q).
-2
Let m be (89 - 86)*(-10)/(-12)*2. Let j(l) = -l**3 + 6*l**2 - 6*l + 7. What is j(m)?
2
Let w(s) = -s - 31. Let x(j) = 2*j + 59. Let a(k) = 7*w(k) + 4*x(k). Give a(-11).
8
Let p(f) = 1789 + 4*f - 1790 + f + 5*f**3 - 31*f**2. Let v(q) = -q**3 + 6*q**2 - q. Let j(g) = 2*p(g) + 11*v(g). Determine j(4).
-6
Let i(w) = -2*w + 50. Let f = 6582 - 6561. Calculate i(f).
8
Let h(w) = -25*w - 3. Let y be h(-1). Suppose 3*p - y = 11. Let o(u) = -13 + p + 0*u + u + 3. Give o(-7).
-6
Let j(q) = q**3 - 11*q**2 + 15. Suppose -5*v + 59 = 4*i, 16 + 25 = 4*i - v. Let x be j(i). Suppose -x = 2*z + 1. Let k(t) = -t**2 - 7*t + 8. Determine k(z).
0
Let p(i) = 2*i + 2. Let z(k) = 3*k + 8. Let v(g) = 2*p(g) - z(g). What is v(10)?
6
Let y(h) = -3*h - 4. Suppose r + 3 = -5. Let o = r - -10. Suppose 2 = s + o*f + 1, 9 = -s + 3*f. Determine y(s).
5
Let y(m) be the second derivative of -m**3/6 - 2*m**2 - 37*m. Let a = 180 + -188. Calculate y(a).
4
Let q be (-1 - -1)/((4 + -40)/(-18)). Let b(s) = -1 - 2*s - 1 + 3*s - 1. Give b(q).
-3
Let t(z) = -z**3 - 3*z**2 + 2. Let c be t(-3). Let w(a) = 20951607 + 3*a**3 - 3*a**2 - 20951607. Give w(c).
12
Let k(w) be the first derivative of 3*w**4/4 - 7*w**3 - w**2/2 + 6*w - 271. Determine k(7).
-1
Let i(u) = -2*u**3 + u**3 + 33*u - u**2 + 0*u**2 + 0 - 10 - 31*u. Give i(3).
-40
Let u(z) be the first derivative of 2*z**2 - 2*z + 33. Let l = -63 - -63. Suppose 2 = -4*w - 5*y, l = 2*y - 2 - 2. Calculate u(w).
-14
Let n(z) = -11*z - 5. Let w(d) = 10*d + 8. Let r = 334 + -331. Let y(b) = r*n(b) + 2*w(b). Determine y(1).
-12
Let d be 1 + -1 - (-6)/((-36)/(-282)). Let v = -37 + d. Suppose -3*y = -y - v. Let s(b) = -3*b + 5. Give s(y).
-10
Let c(g) = -8*g**2 - 32*g + 1. Let f be c(-4). Let b(u) = u - 1. Let k(t) = -2*t - 1. Let a(i) = -b(i) + 2*k(i). Calculate a(f).
-6
Let i(y) = 2 + 19*y - 77*y + 6 + 7 + 59*y. Calculate i(0).
15
Let f(s) = -s**3 - 6*s**2 - 5*s + 6. Suppose -2*l + 54 = -18. Suppose 60 = 3*p - 5*a, 3*a = 2*p + a - l. Suppose -p + 0 = 3*g. Calculate f(g).
6
Let r(g) = g**2 - 12*g + 20. Let c(z) = -z**2 + 13*z - 21. Suppose -8*b + 12 + 12 = 0. Let v(d) = b*c(d) + 4*r(d). Determine v(7).
3
Let u(b) = -3*b**2 + 21*b + 5. Let g(r) = 2*r**2 - 8*r. Let z(h) = 2*g(h) + u(h). Calculate z(-1).
1
Let w(k) = k - 2*k**2 - 10849 + 10849. Give w(3).
-15
Let j(g) = 24*g + 16. Let t be j(-8). Let y = -181 - t. Let a(k) = -k**3 - 4*k**2 + 7*k + 2. Give a(y).
-8
Suppose 4*m + 6 = 2*x, -408*m = 5*x - 410*m + 41. Let k(t) = 2*t**2 + 20*t - 12. What is k(x)?
10
Let z(c) = -5 + 1 + 2. Let b(j) = j + 28 - 7 - 7 - 10 - 2. Let p(x) = 3*b(x) + 4*z(x). Give p(-6).
-20
Let k(b) = 2*b**3 - 3*b**2 - 12*b + 20. Let z be k(2). Let s(m) = 2*m**3 - m**2 - 29. What is s(z)?
-29
Let f be (2 + -7)/(28 - 27). Let c(x) = 2*x**2 + 13*x + 9. What is c(f)?
-6
Let m(d) be the first derivative of -5*d**2/2 + 84*d + 3684. Determine m(27).
-51
Let f(i) = i**3 + 4*i**2 + 4*i + 4. Let